Dec 02 23:41:08.619 INFO testing orientdb-0.1.0 against master#8940af3cea4a9a9deabcaf843b2f8cad9a83fc61 for beta-1.31-5
Dec 02 23:41:08.619 INFO running `"docker" "create" "-v" "/mnt/big/crater/work/local/target-dirs/beta-1.31-5/worker-6/master#8940af3cea4a9a9deabcaf843b2f8cad9a83fc61:/target:rw,Z" "-v" "/mnt/big/crater/work/local/test-source/worker-6/beta-1.31-5/master#8940af3cea4a9a9deabcaf843b2f8cad9a83fc61:/source:ro,Z" "-v" "/mnt/big/crater/work/local/cargo-home:/cargo-home:ro,Z" "-v" "/mnt/big/crater/work/local/rustup-home:/rustup-home:ro,Z" "-e" "USER_ID=1000" "-e" "SOURCE_DIR=/source" "-e" "USER_ID=1000" "-e" "CMD=cargo +8940af3cea4a9a9deabcaf843b2f8cad9a83fc61-alt build --frozen" "-e" "CARGO_TARGET_DIR=/target" "-e" "CARGO_INCREMENTAL=0" "-e" "RUST_BACKTRACE=full" "-e" "RUSTFLAGS=--cap-lints=warn" "-e" "CARGO_HOME=/cargo-home" "-e" "RUSTUP_HOME=/rustup-home" "-m" "1536M" "--network" "none" "crater"`
Dec 02 23:41:08.857 INFO [stdout] a0a2f19a68106fd7c09dd624436c7da9084ccb28d663edb7d87142cdbc6cf222
Dec 02 23:41:08.860 INFO running `"docker" "start" "-a" "a0a2f19a68106fd7c09dd624436c7da9084ccb28d663edb7d87142cdbc6cf222"`
Dec 02 23:41:09.545 INFO [stderr] usermod: no changes
Dec 02 23:41:09.568 INFO [stderr]    Compiling orientdb v0.1.0 (/source)
Dec 02 23:41:10.118 INFO [stderr]     Finished dev [unoptimized + debuginfo] target(s) in 0.56s
Dec 02 23:41:10.122 INFO [stderr] su: No module specific data is present
Dec 02 23:41:10.792 INFO running `"docker" "inspect" "a0a2f19a68106fd7c09dd624436c7da9084ccb28d663edb7d87142cdbc6cf222"`
Dec 02 23:41:11.038 INFO running `"docker" "rm" "-f" "a0a2f19a68106fd7c09dd624436c7da9084ccb28d663edb7d87142cdbc6cf222"`
Dec 02 23:41:11.186 INFO [stdout] a0a2f19a68106fd7c09dd624436c7da9084ccb28d663edb7d87142cdbc6cf222
Dec 02 23:41:11.191 INFO running `"docker" "create" "-v" "/mnt/big/crater/work/local/target-dirs/beta-1.31-5/worker-6/master#8940af3cea4a9a9deabcaf843b2f8cad9a83fc61:/target:rw,Z" "-v" "/mnt/big/crater/work/local/test-source/worker-6/beta-1.31-5/master#8940af3cea4a9a9deabcaf843b2f8cad9a83fc61:/source:ro,Z" "-v" "/mnt/big/crater/work/local/cargo-home:/cargo-home:ro,Z" "-v" "/mnt/big/crater/work/local/rustup-home:/rustup-home:ro,Z" "-e" "USER_ID=1000" "-e" "SOURCE_DIR=/source" "-e" "USER_ID=1000" "-e" "CMD=cargo +8940af3cea4a9a9deabcaf843b2f8cad9a83fc61-alt test --frozen --no-run" "-e" "CARGO_TARGET_DIR=/target" "-e" "CARGO_INCREMENTAL=0" "-e" "RUST_BACKTRACE=full" "-e" "RUSTFLAGS=--cap-lints=warn" "-e" "CARGO_HOME=/cargo-home" "-e" "RUSTUP_HOME=/rustup-home" "-m" "1536M" "--network" "none" "crater"`
Dec 02 23:41:11.371 INFO [stdout] a33476cbc4233023c875e5c133d06c306146cc055337935a38172b9d0f2c384a
Dec 02 23:41:11.376 INFO running `"docker" "start" "-a" "a33476cbc4233023c875e5c133d06c306146cc055337935a38172b9d0f2c384a"`
Dec 02 23:41:11.826 INFO [stderr] usermod: no changes
Dec 02 23:41:11.861 INFO [stderr]    Compiling orientdb v0.1.0 (/source)
Dec 02 23:41:12.900 INFO [stderr]     Finished dev [unoptimized + debuginfo] target(s) in 1.05s
Dec 02 23:41:12.902 INFO [stderr] su: No module specific data is present
Dec 02 23:41:13.344 INFO running `"docker" "inspect" "a33476cbc4233023c875e5c133d06c306146cc055337935a38172b9d0f2c384a"`
Dec 02 23:41:13.705 INFO running `"docker" "rm" "-f" "a33476cbc4233023c875e5c133d06c306146cc055337935a38172b9d0f2c384a"`
Dec 02 23:41:13.986 INFO [stdout] a33476cbc4233023c875e5c133d06c306146cc055337935a38172b9d0f2c384a
Dec 02 23:41:13.988 INFO running `"docker" "create" "-v" "/mnt/big/crater/work/local/target-dirs/beta-1.31-5/worker-6/master#8940af3cea4a9a9deabcaf843b2f8cad9a83fc61:/target:rw,Z" "-v" "/mnt/big/crater/work/local/test-source/worker-6/beta-1.31-5/master#8940af3cea4a9a9deabcaf843b2f8cad9a83fc61:/source:ro,Z" "-v" "/mnt/big/crater/work/local/cargo-home:/cargo-home:ro,Z" "-v" "/mnt/big/crater/work/local/rustup-home:/rustup-home:ro,Z" "-e" "USER_ID=1000" "-e" "SOURCE_DIR=/source" "-e" "USER_ID=1000" "-e" "CMD=cargo +8940af3cea4a9a9deabcaf843b2f8cad9a83fc61-alt test --frozen" "-e" "CARGO_TARGET_DIR=/target" "-e" "CARGO_INCREMENTAL=0" "-e" "RUST_BACKTRACE=full" "-e" "RUSTFLAGS=--cap-lints=warn" "-e" "CARGO_HOME=/cargo-home" "-e" "RUSTUP_HOME=/rustup-home" "-m" "1536M" "--network" "none" "crater"`
Dec 02 23:41:14.245 INFO [stdout] b9bbcb6772ad98a4490e8cac4a3d441da29dbddf9d980bc313559134778b6bfa
Dec 02 23:41:14.247 INFO running `"docker" "start" "-a" "b9bbcb6772ad98a4490e8cac4a3d441da29dbddf9d980bc313559134778b6bfa"`
Dec 02 23:41:14.676 INFO [stderr] usermod: no changes
Dec 02 23:41:14.695 INFO [stderr]     Finished dev [unoptimized + debuginfo] target(s) in 0.00s
Dec 02 23:41:14.695 INFO [stderr]      Running /target/debug/deps/orientdb-3d6d4d3e02f911a3
Dec 02 23:41:14.697 INFO [stdout] 
Dec 02 23:41:14.697 INFO [stdout] running 1 test
Dec 02 23:41:14.713 INFO [stdout] test tests::it_works ... FAILED
Dec 02 23:41:14.713 INFO [stdout] 
Dec 02 23:41:14.713 INFO [stdout] failures:
Dec 02 23:41:14.713 INFO [stdout] 
Dec 02 23:41:14.713 INFO [stdout] ---- tests::it_works stdout ----
Dec 02 23:41:14.713 INFO [stdout] thread 'tests::it_works' panicked at 'not yet implemented', src/lib.rs:5:9
Dec 02 23:41:14.713 INFO [stdout] stack backtrace:
Dec 02 23:41:14.713 INFO [stdout]    0:     0x56001cc5de5f - std::sys::unix::backtrace::tracing::imp::unwind_backtrace::h3a8b83e1922cbdde
Dec 02 23:41:14.713 INFO [stdout]                                at libstd/sys/unix/backtrace/tracing/gcc_s.rs:49
Dec 02 23:41:14.713 INFO [stdout]    1:     0x56001cc66ea7 - std::sys_common::backtrace::print::h00d3155a29b4020f
Dec 02 23:41:14.713 INFO [stdout]                                at libstd/sys_common/backtrace.rs:71
Dec 02 23:41:14.713 INFO [stdout]                                at libstd/sys_common/backtrace.rs:59
Dec 02 23:41:14.713 INFO [stdout]    2:     0x56001cc61b8f - std::panicking::default_hook::{{closure}}::hd7465c742e79e1bb
Dec 02 23:41:14.713 INFO [stdout]                                at libstd/panicking.rs:211
Dec 02 23:41:14.713 INFO [stdout]    3:     0x56001cc6188e - std::panicking::default_hook::h9e3966f2aa2a6e12
Dec 02 23:41:14.713 INFO [stdout]                                at libstd/panicking.rs:221
Dec 02 23:41:14.713 INFO [stdout]    4:     0x56001cc6226e - std::panicking::rust_panic_with_hook::h587f091ae747d080
Dec 02 23:41:14.713 INFO [stdout]                                at libstd/panicking.rs:476
Dec 02 23:41:14.713 INFO [stdout]    5:     0x56001cc0f5a3 - std::panicking::begin_panic::h4d17fb2211e1bd53
Dec 02 23:41:14.713 INFO [stdout]                                at libstd/panicking.rs:410
Dec 02 23:41:14.713 INFO [stdout]    6:     0x56001cc0f2d8 - orientdb::tests::it_works::h14867bb9047a26e1
Dec 02 23:41:14.713 INFO [stdout]                                at src/lib.rs:5
Dec 02 23:41:14.713 INFO [stdout]    7:     0x56001cc0f2a9 - orientdb::tests::it_works::{{closure}}::hf0a518160c2d6bf9
Dec 02 23:41:14.713 INFO [stdout]                                at src/lib.rs:4
Dec 02 23:41:14.713 INFO [stdout]    8:     0x56001cc0f41d - core::ops::function::FnOnce::call_once::h8ee5c881765d450b
Dec 02 23:41:14.713 INFO [stdout]                                at libcore/ops/function.rs:238
Dec 02 23:41:14.713 INFO [stdout]    9:     0x56001cc11c8e - <F as alloc::boxed::FnBox<A>>::call_box::hac903f91577a156c
Dec 02 23:41:14.713 INFO [stdout]                                at libtest/lib.rs:1468
Dec 02 23:41:14.713 INFO [stdout]                                at libcore/ops/function.rs:238
Dec 02 23:41:14.713 INFO [stdout]                                at liballoc/boxed.rs:672
Dec 02 23:41:14.713 INFO [stdout]   10:     0x56001cc71e59 - __rust_maybe_catch_panic
Dec 02 23:41:14.713 INFO [stdout]                                at libpanic_unwind/lib.rs:102
Dec 02 23:41:14.713 INFO [stdout]   11:     0x56001cc338e2 - std::sys_common::backtrace::__rust_begin_short_backtrace::hb8f0d0309526c184
Dec 02 23:41:14.713 INFO [stdout]                                at libstd/panicking.rs:289
Dec 02 23:41:14.713 INFO [stdout]                                at libstd/panic.rs:392
Dec 02 23:41:14.713 INFO [stdout]                                at libtest/lib.rs:1423
Dec 02 23:41:14.713 INFO [stdout]                                at libstd/sys_common/backtrace.rs:136
Dec 02 23:41:14.713 INFO [stdout]   12:     0x56001cc34394 - std::panicking::try::do_call::hc2f7c8b9a348d8db
Dec 02 23:41:14.713 INFO [stdout]                                at libstd/thread/mod.rs:409
Dec 02 23:41:14.713 INFO [stdout]                                at libstd/panic.rs:313
Dec 02 23:41:14.713 INFO [stdout]                                at libstd/panicking.rs:310
Dec 02 23:41:14.713 INFO [stdout]   13:     0x56001cc71e59 - __rust_maybe_catch_panic
Dec 02 23:41:14.713 INFO [stdout]                                at libpanic_unwind/lib.rs:102
Dec 02 23:41:14.713 INFO [stdout]   14:     0x56001cc215cc - <F as alloc::boxed::FnBox<A>>::call_box::h6bfded618e480b32
Dec 02 23:41:14.713 INFO [stdout]                                at libstd/panicking.rs:289
Dec 02 23:41:14.713 INFO [stdout]                                at libstd/panic.rs:392
Dec 02 23:41:14.713 INFO [stdout]                                at libstd/thread/mod.rs:408
Dec 02 23:41:14.713 INFO [stdout]                                at liballoc/boxed.rs:672
Dec 02 23:41:14.713 INFO [stdout]   15:     0x56001cc5fa7d - std::sys_common::thread::start_thread::h4c28257d67cdf9cb
Dec 02 23:41:14.713 INFO [stdout]                                at liballoc/boxed.rs:682
Dec 02 23:41:14.713 INFO [stdout]                                at libstd/sys_common/thread.rs:24
Dec 02 23:41:14.713 INFO [stdout]   16:     0x56001cc54f95 - std::sys::unix::thread::Thread::new::thread_start::hfecb2e7eff8fd34f
Dec 02 23:41:14.713 INFO [stdout]                                at libstd/sys/unix/thread.rs:90
Dec 02 23:41:14.713 INFO [stdout]   17:     0x7fe18dd466b9 - start_thread
Dec 02 23:41:14.713 INFO [stdout]   18:     0x7fe18d86641c - clone
Dec 02 23:41:14.713 INFO [stdout]   19:                0x0 - <unknown>
Dec 02 23:41:14.713 INFO [stdout] 
Dec 02 23:41:14.713 INFO [stdout] 
Dec 02 23:41:14.713 INFO [stdout] failures:
Dec 02 23:41:14.713 INFO [stdout]     tests::it_works
Dec 02 23:41:14.713 INFO [stdout] 
Dec 02 23:41:14.713 INFO [stdout] test result: FAILED. 0 passed; 1 failed; 0 ignored; 0 measured; 0 filtered out
Dec 02 23:41:14.713 INFO [stdout] 
Dec 02 23:41:14.714 INFO [stderr] error: test failed, to rerun pass '--lib'
Dec 02 23:41:14.715 INFO [stderr] su: No module specific data is present
Dec 02 23:41:14.930 INFO running `"docker" "inspect" "b9bbcb6772ad98a4490e8cac4a3d441da29dbddf9d980bc313559134778b6bfa"`
Dec 02 23:41:15.025 INFO running `"docker" "rm" "-f" "b9bbcb6772ad98a4490e8cac4a3d441da29dbddf9d980bc313559134778b6bfa"`
Dec 02 23:41:15.231 INFO [stdout] b9bbcb6772ad98a4490e8cac4a3d441da29dbddf9d980bc313559134778b6bfa
